{"id":49,"date":"2019-10-31T18:25:58","date_gmt":"2019-10-31T17:25:58","guid":{"rendered":"http:\/\/mipax.pl\/?page_id=49"},"modified":"2021-07-29T13:52:24","modified_gmt":"2021-07-29T11:52:24","slug":"informacja-o-przetwarzaniu-danych-osobowych","status":"publish","type":"page","link":"https:\/\/mipax.pl\/index.php\/informacja-o-przetwarzaniu-danych-osobowych\/","title":{"rendered":"Informacja o przetwarzaniu danych osobowych"},"content":{"rendered":"\t\t<div data-elementor-type=\"wp-page\" data-elementor-id=\"49\" class=\"elementor elementor-49\" data-elementor-settings=\"{&quot;ha_cmc_init_switcher&quot;:&quot;no&quot;}\">\n\t\t\t\t\t\t<section class=\"elementor-section elementor-top-section elementor-element elementor-element-2fe1d39 elementor-section-boxed elementor-section-height-default elementor-section-height-default\" data-id=\"2fe1d39\" data-element_type=\"section\" data-e-type=\"section\" data-settings=\"{&quot;_ha_eqh_enable&quot;:false}\">\n\t\t\t\t\t\t<div class=\"elementor-container elementor-column-gap-default\">\n\t\t\t\t\t<div class=\"elementor-column elementor-col-100 elementor-top-column elementor-element elementor-element-5f7f860\" data-id=\"5f7f860\" data-element_type=\"column\" data-e-type=\"column\">\n\t\t\t<div class=\"elementor-widget-wrap elementor-element-populated\">\n\t\t\t\t\t\t<div class=\"elementor-element elementor-element-075766e elementor-widget elementor-widget-text-editor\" data-id=\"075766e\" data-element_type=\"widget\" data-e-type=\"widget\" data-widget_type=\"text-editor.default\">\n\t\t\t\t\t\t\t\t\t<p id=\"u366-2\">Informacja o przetwarzaniu danych osobowych \u2013 RODO<\/p><p id=\"u366-5\">Szanowni Pa\u0144stwo,<\/p><p id=\"u366-8\">W zwi\u0105zku z nowym rozporz\u0105dzeniem Parlamentu Europejskiego i Rady (UE) 2016\/679 z dnia 27 kwietnia 2016 roku w sprawie ochrony os\u00f3b fizycznych w zwi\u0105zku z przetwarzaniem danych osobowych i w sprawie swobodnego przep\u0142ywu takich informacji oraz uchylenia dyrektywy 95\/46\/WE (nazwa RODO).<\/p><p id=\"u366-10\">W oparciu o obowi\u0105zuj\u0105ce przepisy dotycz\u0105ce ochrony danych osobowych, w szczeg\u00f3lno\u015bci Og\u00f3lne Rozporz\u0105dzenie, w celu zapewnienia w\u0142a\u015bciwej ochrony danych osobowych, osobie kt\u00f3rej dane dotycz\u0105 nale\u017cy przede wszystkim poda\u0107 informacje dotycz\u0105ce przetwarzania jej danych osobowych okre\u015blone w art. 13 i 14 ust.1 i ust. 2 RODO \u2013 w zale\u017cno\u015bci od tego, czy zosta\u0142y one pozyskane bezpo\u015brednio od osoby kt\u00f3rej dane dotycz\u0105, czy te\u017c z innych \u017ar\u00f3de\u0142.<\/p><p id=\"u366-13\">Z uwagi na powy\u017csze informujemy Pa\u0144stwa, \u017ce:<\/p><p id=\"u366-16\">1. Administratorem Pani\/Pana danych osobowych jest: MIPAX Micha\u0142 Chodnicki . Pomologiczna 30, 04-859 Warszawa, NIP: 952-135-63-36<\/p><p id=\"u366-18\">2. Z Administratorem mo\u017cna kontaktowa\u0107 si\u0119 pisemnie, za pomoc\u0105 poczty tradycyjnej na adres: ul. Pomologiczna 30, 04-859 Warszawa lub poprzez formularz kontaktowy dost\u0119pny na stronie.<\/p><p id=\"u366-20\">3. Pani\/Pana dane osobowe przetwarzane s\u0105 na podstawie art. 6 ust. 1 lit. f RODO, tj. w oparciu o niezb\u0119dno\u015b\u0107 przetwarzania do cel\u00f3w wynikaj\u0105cych z prawnie uzasadnionych interes\u00f3w realizowanych przez Administratora;<\/p><p id=\"u366-22\">4. Pani\/Pana dane osobowe s\u0105 przetwarzane r\u0119cznie oraz automatycznie;<\/p><p id=\"u366-24\">5. Administrator przetwarza Pani\/Pana dane osobowe w zakresie, w jakim s\u0105 one udost\u0119pniane przez \u017ar\u00f3d\u0142a publicznie, tj. m.in. z Rejestru Przedsi\u0119biorc\u00f3w Krajowego Rejestru S\u0105dowego (KRS), Centralnej Ewidencji i Informacji o Dzia\u0142alno\u015bci Gospodarczej (CEiDG);<\/p><p id=\"u366-26\">6. Dane nie b\u0119d\u0105 udost\u0119pniane podmiotom innym ni\u017c uprawnione na mocy przepis\u00f3w prawa;<\/p><p id=\"u366-28\">7. Pana\/Pani dane nie b\u0119d\u0105 przekazywane do pa\u0144stwa trzeciego\/organizacji mi\u0119dzynarodowej;<\/p><p id=\"u366-30\">8. Administrator dok\u0142ada wszelkich stara\u0144, aby przechowywanym danym osobowym zapewni\u0107 \u015brodki fizycznej, technicznej i organizacyjnej ochrony przed ich przypadkowym czy umy\u015blnym zniszczeniem, przypadkow\u0105 utrat\u0105, zmian\u0105, nieuprawnionym ujawnieniem, wykorzystaniem czy dost\u0119pem, zgodnie ze wszystkimi obowi\u0105zuj\u0105cymi przepisami;<\/p><p id=\"u366-32\">9. W zwi\u0105zku z przetwarzaniem Pani\/Pana danych osobowych przys\u0142uguje Pani\/Panu prawo do:<\/p><p id=\"u366-34\">&#8211; \u017c\u0105dania od Administratora dost\u0119pu do Pani\/Pana danych osobowych,<\/p><p id=\"u366-36\">&#8211; \u017c\u0105dania od Administratora sprostowania Pani\/Pana danych osobowych<\/p><p id=\"u366-38\">&#8211; \u017c\u0105dania od Administratora usuni\u0119cia Pani\/Pana danych osobowych,<\/p><p id=\"u366-40\">&#8211; \u017c\u0105dania od Administratora ograniczenia przetwarzania Pani\/Pana danych osobowych,<\/p><p id=\"u366-42\">&#8211; wniesienia sprzeciwu wobec przetwarzania Pani\/Pana danych osobowych,<\/p><p id=\"u366-44\">&#8211; przenoszenia Pani\/Pana danych osobowych,<\/p><p id=\"u366-46\">&#8211; wniesienia skargi do organu nadzorczego;<\/p><p id=\"u366-49\">\u00a0<\/p>\t\t\t\t\t\t\t\t<\/div>\n\t\t\t\t\t<\/div>\n\t\t<\/div>\n\t\t\t\t\t<\/div>\n\t\t<\/section>\n\t\t\t\t<section class=\"elementor-section elementor-top-section elementor-element elementor-element-89b87eb elementor-section-boxed elementor-section-height-default elementor-section-height-default\" data-id=\"89b87eb\" data-element_type=\"section\" data-e-type=\"section\" data-settings=\"{&quot;_ha_eqh_enable&quot;:false}\">\n\t\t\t\t\t\t<div class=\"elementor-container elementor-column-gap-default\">\n\t\t\t\t\t<div class=\"elementor-column elementor-col-100 elementor-top-column elementor-element elementor-element-5b2bb9d\" data-id=\"5b2bb9d\" data-element_type=\"column\" data-e-type=\"column\">\n\t\t\t<div class=\"elementor-widget-wrap elementor-element-populated\">\n\t\t\t\t\t\t<div class=\"elementor-element elementor-element-f4e4624 elementor-widget elementor-widget-image\" data-id=\"f4e4624\" data-element_type=\"widget\" data-e-type=\"widget\" data-widget_type=\"image.default\">\n\t\t\t\t\t\t\t\t\t\t\t\t\t\t\t<img decoding=\"async\" src=\"https:\/\/mipax.pl\/wp-content\/uploads\/elementor\/thumbs\/logo_draft-p8ivpgoh8uu9ex7svvo9g9o4d2kwfwv7drz1cqnsgg.png\" title=\"logo_draft\" alt=\"logo_draft\" loading=\"lazy\" \/>\t\t\t\t\t\t\t\t\t\t\t\t\t\t\t<\/div>\n\t\t\t\t\t<\/div>\n\t\t<\/div>\n\t\t\t\t\t<\/div>\n\t\t<\/section>\n\t\t\t\t<\/div>\n\t\t","protected":false},"excerpt":{"rendered":"<p>Informacja o przetwarzaniu danych osobowych \u2013 RODO Szanowni Pa\u0144stwo, W zwi\u0105zku z nowym rozporz\u0105dzeniem Parlamentu Europejskiego i Rady (UE) 2016\/679 z dnia 27 kwietnia 2016 roku w sprawie ochrony os\u00f3b fizycznych w zwi\u0105zku z przetwarzaniem danych osobowych i w sprawie swobodnego przep\u0142ywu takich informacji oraz uchylenia dyrektywy 95\/46\/WE (nazwa RODO). W oparciu o obowi\u0105zuj\u0105ce przepisy &hellip; <\/p>\n<p class=\"link-more\"><a href=\"https:\/\/mipax.pl\/index.php\/informacja-o-przetwarzaniu-danych-osobowych\/\" class=\"more-link\">Czytaj dalej<span class=\"screen-reader-text\"> \u201eInformacja o przetwarzaniu danych osobowych\u201d<\/span><\/a><\/p>\n","protected":false},"author":1,"featured_media":0,"parent":0,"menu_order":0,"comment_status":"closed","ping_status":"closed","template":"","meta":{"footnotes":""},"class_list":["post-49","page","type-page","status-publish","hentry"],"_links":{"self":[{"href":"https:\/\/mipax.pl\/index.php\/wp-json\/wp\/v2\/pages\/49","targetHints":{"allow":["GET"]}}],"collection":[{"href":"https:\/\/mipax.pl\/index.php\/wp-json\/wp\/v2\/pages"}],"about":[{"href":"https:\/\/mipax.pl\/index.php\/wp-json\/wp\/v2\/types\/page"}],"author":[{"embeddable":true,"href":"https:\/\/mipax.pl\/index.php\/wp-json\/wp\/v2\/users\/1"}],"replies":[{"embeddable":true,"href":"https:\/\/mipax.pl\/index.php\/wp-json\/wp\/v2\/comments?post=49"}],"version-history":[{"count":11,"href":"https:\/\/mipax.pl\/index.php\/wp-json\/wp\/v2\/pages\/49\/revisions"}],"predecessor-version":[{"id":135,"href":"https:\/\/mipax.pl\/index.php\/wp-json\/wp\/v2\/pages\/49\/revisions\/135"}],"wp:attachment":[{"href":"https:\/\/mipax.pl\/index.php\/wp-json\/wp\/v2\/media?parent=49"}],"curies":[{"name":"wp","href":"https:\/\/api.w.org\/{rel}","templated":true}]}}